re the prime factors of 70307414?
2, 35153707
List the prime factors of 63268550.
2, 5, 181, 6991
What are the prime factors of 223568967?
3, 74522989
List the prime factors of 4622831521.
7, 11, 60036773
What are the prime factors of 94152693?
3, 31384231
What are the prime factors of 2985188838?
2, 3, 19, 26185867
What are the prime factors of 20191276?
2, 7, 721117
What are the prime factors of 87183107?
11, 7925737
List the prime factors of 45564839.
45564839
What are the prime factors of 44547133?
547, 81439
List the prime factors of 2563828469.
23, 883, 126241
List the prime factors of 495770556.
2, 3, 491, 84143
List the prime factors of 182253595.
5, 36450719
List the prime factors of 584524358.
2, 11, 127, 131, 1597
List the prime factors of 66711367.
199, 281, 1193
What are the prime factors of 141894732?
2, 3, 7, 179, 9437
What are the prime factors of 227956019?
1877, 121447
List the prime factors of 4839895.
5, 967979
List the prime factors of 248293932.
2, 3, 2551, 8111
List the prime factors of 238009265.
5, 13, 17, 215393
List the prime factors of 90075309.
3, 30025103
List the prime factors of 178474011.
3, 19, 3131123
What are the prime factors of 170260228?
2, 42565057
List the prime factors of 3814581808.
2, 61, 1117, 3499
What are the prime factors of 1144580079?
3, 381526693
List the prime factors of 969292291.
11, 88117481
What are the prime factors of 1665449938?
2, 61, 13651229
What are the prime factors of 41624041?
17, 19, 31, 4157
List the prime factors of 34832254.
2, 193, 90239
What are the prime factors of 2052218749?
7, 157, 1867351
List the prime factors of 1088743036.
2, 17, 347, 46141
What are the prime factors of 326230594?
2, 43, 97, 39107
List the prime factors of 84264796.
2, 7, 11, 47, 5821
What are the prime factors of 1170920523?
3, 149, 197, 13297
List the prime factors of 2049083888.
2, 2741, 46723
List the prime factors of 2761986491.
11, 13729, 18289
What are the prime factors of 5877326?
2, 7, 13, 43, 751
List the prime factors of 818904389.
19, 43100231
What are the prime factors of 143847331?
101, 1424231
List the prime factors of 54631830.
2, 3, 5, 11, 165551
List the prime factors of 589476.
2, 3, 49123
What are the prime factors of 914572209?
3, 304857403
What are the prime factors of 255750247?
61, 4192627
What are the prime factors of 239971760?
2, 5, 7, 173, 2477
List the prime factors of 37975580.
2, 5, 643, 2953
What are the prime factors of 3758833163?
29017, 129539
What are the prime factors of 5308354205?
5, 7, 11, 1663, 8291
What are the prime factors of 259082827?
89, 2911043
List the prime factors of 111813615.
3, 5, 276083
What are the prime factors of 2419531684?
2, 604882921
List the prime factors of 1826140314.
2, 3, 304356719
What are the prime factors of 1519274657?
1519274657
List the prime factors of 5196060986.
2, 19, 136738447
List the prime factors of 893917040.
2, 5, 37, 301999
What are the prime factors of 266863227?
3, 19, 23, 47, 61, 71
List the prime factors of 105480071.
163, 647117
List the prime factors of 1905519917.
7, 5209, 52259
What are the prime factors of 3276576347?
11, 297870577
What are the prime factors of 58329163?
83, 8467
List the prime factors of 1843292476.
2, 67, 6877957
List the prime factors of 1903172334.
2, 3, 7, 45313627
What are the prime factors of 1128355001?
53, 1303, 16339
List the prime factors of 758156826.
2, 3, 7, 18051353
List the prime factors of 45928218.
2, 3, 7, 1093529
What are the prime factors of 170061996?
2, 3, 13, 83857
List the prime factors of 124808650.
2, 5, 2496173
List the prime factors of 3739262821.
7, 89, 131, 45817
List the prime factors of 99071478.
2, 3, 11, 17, 9811
List the prime factors of 2668090402.
2, 43, 31024307
What are the prime factors of 1184149174?
2, 13, 281, 162079
What are the prime factors of 5139811908?
2, 3, 7, 11, 206021
What are the prime factors of 651965077?
179, 181, 20123
What are the prime factors of 764314611?
3, 17, 47, 318863
List the prime factors of 269834795.
5, 17, 67, 47381
What are the prime factors of 47778944?
2, 373273
List the prime factors of 8405566734.
2, 3, 17, 31, 156371
What are the prime factors of 2307879398?
2, 11, 929, 112921
What are the prime factors of 520279102?
2, 7, 43, 864251
List the prime factors of 129488476.
2, 13, 191551
List the prime factors of 8378721022.
2, 7, 598480073
List the prime factors of 2924938220.
2, 5, 661, 221251
List the prime factors of 41220535.
5, 313, 26339
What are the prime factors of 2729060171?
37, 2269, 32507
List the prime factors of 65022526.
2, 47, 691729
List the prime factors of 74162032.
2, 7, 67, 9883
List the prime factors of 48857250.
2, 3, 5, 13, 5011
What are the prime factors of 1718790899?
7, 17, 14443621
List the prime factors of 26437903.
79, 379, 883
List the prime factors of 32872323.
3, 11, 211, 4721
What are the prime factors of 371451368?
2, 19, 139, 17581
What are the prime factors of 403837794?
2, 3, 101, 191, 1163
List the prime factors of 339070922.
2, 19, 23, 387953
What are the prime factors of 507071147?
11, 331, 139267
What are the prime factors of 8703345264?
2, 3, 181319693
List the prime factors of 4292994695.
5, 11, 79, 89821
List the prime factors of 607575980.
2, 5, 11, 163, 16943
List the prime factors of 1131794286.
2, 3, 7, 59, 456737
What are the prime factors of 187132715?
5, 7, 11, 23, 3019
What are the prime factors of 24211433?
23, 29, 36299
List the prime factors of 1236716032.
2, 1291, 1871
List the prime factors of 1129801707.
3, 373, 336551
What are the prime factors of 1998619909?
11, 13, 17, 822139
List the prime factors of 25227010.
2, 5, 71, 35531
What are the prime factors of 4284954233?
7, 19, 47, 79, 8677
What are the prime factors of 421286209?
421286209
List the prime factors of 387828999.
3, 1873, 7669
What are the prime factors of 2221632790?
2, 5, 13, 23, 349, 2129
What are the prime factors of 41991523?
7, 683, 8783
List the prime factors of 130703342.
2, 7, 11, 23, 36901
List the prime factors of 186089350.
2, 5, 3721787
What are the prime factors of 227590751?
197, 313, 3691
List the prime factors of 1566886962.
2, 3, 599, 435973
What are the prime factors of 181164353?
23, 281, 28031
What are the prime factors of 1223902758?
2, 3, 13, 15691061
What are the prime factors of 310833590?
2, 5, 31, 97, 10337
List the prime factors of 86982199.
86982199
List the prime factors of 1242526787.
17, 223, 327757
List the prime factors of 1366955896.
2, 43, 47, 59, 1433
What are the prime factors of 41879687?
17, 2463511
What are the prime factors of 156452426?
2, 13, 433, 1069
What are the prime factors of 68988514?
2, 7, 4927751
What are the prime factors of 577531308?
2, 3, 48127609
What are the prime factors of 53139855?
3, 5, 3542657
List the prime factors of 18946207.
7, 2706601
What are the prime factors of 866961?
3, 96329
List the prime factors of 386567754.
2, 3, 5153, 12503
What are the prime factors of 1441460471?
11, 7457, 17573
What are the prime factors of 208624147?
109, 1913983
List the prime factors of 399785661.
3, 11, 4038239
What are the prime factors of 494834992?
2, 199, 155413
List the prime factors of 61417940.
2, 5, 17, 29, 6229
List the prime factors of 133057550.
2, 5, 37, 71, 1013
What are the prime factors of 152827332?
2, 3, 7, 29, 43, 1459
List the prime factors of 92580531.
3, 30860177
What are the prime factors of 33509261?
17, 47, 2467
List the prime factors of 10908166.
2, 19, 287057
What are the prime factors of 180837254?
2, 13, 433, 16063
List the prime factors of 53233919.
17, 1021, 3067
List the prime factors of 71226703.
71, 1003193
List the prime factors of 5764741364.
2, 1441185341
What are the prime factors of 86919351?
3, 17, 29, 3457
List the prime factors of 1448572518.
2, 3, 26825417
List the prime factors of 248404815.
3, 5, 139, 151, 263
What are the prime factors of 266658918?
2, 3, 23, 47, 41113
List the prime factors of 492795823.
13, 37907371
What are the prime factors of 2395198361?
211, 11351651
List the prime factors of 44931657.
3, 14977219
What are the prime factors of 1793961158?
2, 11, 81543689
List the prime factors of 878092573.
163, 5387071
List the prime factors of 14941832.
2, 1867729
List the prime factor